63728. What are the prime factors of t?
2, 7, 569
Let u(w) = -11*w**3 - 13*w**2 - 24*w + 5. List the prime factors of u(-10).
3, 5, 13, 17
Let y(g) = -109*g - 8482. What are the prime factors of y(-101)?
7, 19
Let t(g) = g**3 - 9*g**2 + g. Let s be t(9). Suppose -s*v + 5*v = 0. Suppose v = 17*q - 18*q + 48. What are the prime factors of q?
2, 3
Let c = -156 - -159. Suppose -2*i + 247 = 5*k, 12*i + 473 = 16*i + c*k. List the prime factors of i.
2, 29
Suppose -2*n - 4 = 4*i, -n + 2*i + 10 = -0*n. Suppose 4*x + 2875 = -t + n*t, t - 4*x - 969 = 0. What are the prime factors of t?
953
Suppose 6*p + 20*p = -546. Let f(k) = -k**3 - 22*k**2 - 32*k + 9. List the prime factors of f(p).
2, 3, 5
Let s = -82 + 151. Let z = -64 + s. Suppose -5*f - 2*n + 39 = 0, -z*f + 3*n + 57 = -n. List the prime factors of f.
3
Let p = 1977 + -847. Suppose -2*r + 136 = -p. List the prime factors of r.
3, 211
Let c(i) = i**3 - 15*i**2 + 4*i + 10. Let g be c(15). List the prime factors of (1687/(-2))/(-1) + g/(-140).
3, 281
Let n(r) = 416*r**2 - 7*r - 5. Let m be n(-1). Suppose 4*a + a + 20 = 0. What are the prime factors of m/5 + a/(-10)?
2, 3, 7
Suppose -351*x - 23580 = -357*x. What are the prime factors of x?
2, 3, 5, 131
Let f(n) = n**3 - 155*n**2 + 505*n + 2904. What are the prime factors of f(152)?
2, 647
Let h(n) = 2100*n + 8886. List the prime factors of h(34).
2, 3, 13381
List the prime factors of -4 - -13 - 22 - -6936.
7, 23, 43
Let j(k) = k. Let g(l) = -2*l + 12. Let r(w) = g(w) + 4*j(w). Let p be r(-6). What are the prime factors of (-3 + 4)*(p + 1)*72?
2, 3
Suppose -2*o = -5*m + o + 2644, -4*m - 3*o = -2126. Let c = m - -58. What are the prime factors of c?
2, 3, 7
Let s(x) = 5 + x**3 - 4*x**2 + 3 + 27*x**2 - 5*x - 12*x**2. Let k(g) = g + 1. Let j be k(-11). What are the prime factors of s(j)?
2, 79
Let r(v) = -v - 1. Let z(t) = -10*t + 126. Let m(h) = -5*r(h) + z(h). List the prime factors of m(-26).
3, 29
Suppose -4*f - 5*i + 933 = 0, -15*f - 2*i = -14*f - 231. What are the prime factors of f?
3, 79
Let h(p) = p**2 + 13*p + 34. Let y be h(-5). List the prime factors of (-2447)/(-5) + 7/(105/y).
3, 163
Let u = 87556 - 10993. List the prime factors of u.
3, 47, 181
Let d be -5*(-8)/(-20) + (-4)/(-2). Suppose 9*o - 1581 - 2199 = d. What are the prime factors of o?
2, 3, 5, 7
Let s be 0/(-1 - (-20)/4). Suppose 9*p = -7*p + 48. What are the prime factors of 6*(p/6 - s)?
3
Suppose -a + 5*a - 251 = 3*q, 0 = -q + 3*a - 92. Let r = 316 + q. Let z = 335 - r. What are the prime factors of z?
2, 3
Let r = -252 - -248. List the prime factors of 105/70 - 1/(r/2106).
2, 3, 11
Suppose -1719*w + 90117 = -1701*w - 703431. List the prime factors of w.
2, 7, 47, 67
Let s(z) be the first derivative of 31*z**2/2 + 18*z - 62. List the prime factors of s(5).
173
Suppose h = -47*h + 192. Suppose -4*t + 5616 = h*v, -8*v - 16 = -4*v. List the prime factors of t.
2, 11
Let l be (-2)/(-4) - 70128/(-32). Let h = l - 1474. What are the prime factors of h?
2, 359
Let r(v) = 2*v**3 + v**2 - v + 1555. Suppose -4*l = -5*l - 2*l. What are the prime factors of r(l)?
5, 311
Let y(j) be the second derivative of 9*j**4/4 - j**3/2 + j**2 + 7*j - 4. List the prime factors of y(-3).
2, 127
Suppose -17*x = -23*x + 18. Suppose -236 = -m + 2*y - 6*y, -x*m + 693 = -3*y. What are the prime factors of m?
2, 29
Let l(b) = -33*b**3 - 7*b**2 + 61*b + 786. List the prime factors of l(-11).
3, 4799
Let g(k) = -2244*k - 1502. What are the prime factors of g(-7)?
2, 7103
Let l = -72 - -65. Let g be 3 + (25/(-7) - 4/l). Suppose -z + 3*z - 266 = g. What are the prime factors of z?
7, 19
Suppose -2*o - 39 = 3*d + 42, 4*o - 54 = 2*d. Let k be (-14 - -11) + (d - 1)/(-1). Suppose 28*f - 162 = k*f. List the prime factors of f.
2, 3
Suppose 5*s = 22*u - 27*u + 43635, 8739 = s + 4*u. List the prime factors of s.
11, 13, 61
Let p(j) = -j**3 - 8*j**2 - j + 7. Let r be p(-7). What are the prime factors of ((-441)/r + 6/15)*1?
13
Let x = -4562 - -9637. Suppose 4*p = -p + x. What are the prime factors of p?
5, 7, 29
Let x(a) = 454*a - 130. Let f be x(3). Suppose 1228*w - f*w = -872. What are the prime factors of w?
2, 109
Let y be (168/16)/(3/8). Suppose 29*m + 1915 = 5*k + y*m, -5*k = -4*m - 1930. List the prime factors of k.
2, 191
Suppose -133180 = -2*j + 4*c, 4*c - 102666 - 30586 = -2*j. What are the prime factors of j?
2, 23, 181
Suppose 6*j - 4820 = 1096. What are the prime factors of j?
2, 17, 29
Suppose 3413 = 39*h - 2944. Let t = 697 - h. List the prime factors of t.
2, 3, 89
Suppose -24*b = -30*b + 48. Suppose -b*l = -10*l - 514. Let i = l - -528. List the prime factors of i.
271
Let w = 9 - 6. Suppose 4*h - w*h + 303 = 0. List the prime factors of (2/1)/(-6*1/h).
101
Let d be (-6)/(3 + 696/(-231))*-2. Let t = -317 - d. What are the prime factors of t?
607
Let n be 1 + 4690/(8 + -3). Suppose -n = -9*i + 11841. Suppose -5*f - i = -15*f. List the prime factors of f.
2, 71
What are the prime factors of (-813846)/(-39) - 5/(65/(-2))?
2, 3, 37, 47
Suppose -47*q = -26*q - 546. Suppose -32*o + 1440 = -q*o. What are the prime factors of o?
2, 3, 5
Let s be 6/(-4)*40/(-15). Suppose h = w - 1 - 28, 0 = -2*w - s*h + 64. List the prime factors of w.
2, 3, 5
Let o(a) = 44*a**2 - 21*a + 87. List the prime factors of o(8).
5, 547
Suppose 58*z + 6801 = 3*l + 55*z, 2*z + 11341 = 5*l. List the prime factors of l.
2269
Let w = 758 - 444. Let i = 376 + w. What are the prime factors of i?
2, 3, 5, 23
Let l = 166 + -166. Let w(g) = 2*g**2 + g + 640. List the prime factors of w(l).
2, 5
Let n(z) = z**2 + 1. Let h(c) = 2*c**3 - 4*c**2 - 3*c + 6. Let d(j) = h(j) - 4*n(j). Let m be d(6). Let q = -37 + m. What are the prime factors of q?
7, 13
Let k(y) = -y**3 - 3*y**2 + 2*y + 6. Let i be k(-3). Let c be 2 - i/(6 - 3). What are the prime factors of 7/(-14) + 91/c?
3, 5
List the prime factors of 49065/40*8/3.
3271
Let b be 1/(-10) + (-8313)/(-30). Let u(c) = -c**2 + 17*c - 29. Let k be u(12). Let w = b - k. What are the prime factors of w?
2, 3, 41
Suppose -133*y = 86*y - 7456731. What are the prime factors of y?
79, 431
Let b = 119 + -426. Let x = -165 - b. What are the prime factors of x?
2, 71
List the prime factors of 8/6 + -1 + 77458/6 + -2.
2, 7, 461
Suppose 5*y + 562 = k, -1034 - 146 = -2*k - 4*y. List the prime factors of k.
2, 3, 97
Let l = 10 - 2. Suppose -6*s + l*s - 14 = 0. Suppose 3*f - 640 = -5*w, 2*w = s*f - 9*f + 420. What are the prime factors of f?
5, 41
Suppose 67*u + 4*u + 217625 = 798050. List the prime factors of u.
3, 5, 109
Let o = 88 + -71. Let y(c) = 14*c - 70. What are the prime factors of y(o)?
2, 3, 7
Let b be 4/(-8)*-3 - 30554/(-4). What are the prime factors of b/30 - -3*(-4)/18?
2, 127
Let c = -16887 - -30915. List the prime factors of c.
2, 3, 7, 167
Let h(v) be the first derivative of -v**7/210 + v**5/20 - v**4/24 + 35*v**3/3 + 18. Let r(z) be the third derivative of h(z). List the prime factors of r(-4).
3, 7, 11
Let l be 2/(-14) + 5/35. Let v(z) = z**2 - 22*z + 1117. List the prime factors of v(l).
1117
Suppose 2*s = -s + 5*p - 10, 5*p - 10 = 4*s. Suppose 0 = 2*y - s*y - 10. Suppose 0*c + y*c = 235. List the prime factors of c.
47
Suppose 15792 = 194*j - 180*j. Let f = j - 509. What are the prime factors of f?
619
Suppose 5*v + 12019 = g, 3*g - v = 29159 + 6926. List the prime factors of g.
23, 523
List the prime factors of -16 + -10 + 31 - (-2 + -446).
3, 151
Let h(b) = 34979*b**3 - 4*b**2 + 75*b - 73. List the prime factors of h(1).
3, 89, 131
Suppose -3*x - 2*v + 71 - 13 = 0, 0 = -4*v - 16. Suppose 1 = y + 12. What are the prime factors of x/121 + (-647)/y?
59
Let u = -40 - -43. Suppose -4*v = -u*g - 0*v + 395, 0 = 2*g - v - 265. List the prime factors of g.
7, 19
Let q(r) = 69*r + 716. List the prime factors of q(23).
7, 47
Let v(y) = -y**2 - 5*y + 14. Let k be v(-9). Let t be (-4)/k - (-320)/176. Suppose -5*w - 40 = -5*s - 0*w, -s = -t*w - 8. What are the prime factors of s?
2
Let o = 85 - -4. Suppose o*b - 4756 = 48*b. What are the prime factors of b?
2, 29
Let m(v) = -128*v - 59. Let i(k) = -64*k - 29. Let d(a) = -11*i(a) + 6*m(a). Let r be d(-11). Let n = -443 + r. List the prime factors of n.
2, 113
Suppose -4*y - 2*h + 2 = 6, -5*y - 8 = 4*h. Let p(q) = 16 - 12*q + 20*q - 11*q - q**2 + 55. List t